4
Suppose -2*c = -t + 44, 2*t - t + 2*c = 44. Let v(q) = t + 14 - 71 - 3*q. Give v(-10).
17
Let m(o) = 6 + 12*o**2 - o**2 - 9*o**2 + o**2 - 10*o**2 + 3*o. Calculate m(-2).
-28
Let h(r) = r**2 - r + 34. Let o(b) = 40*b**2 + 7*b + 108. Let y(g) = -3*h(g) + o(g). Calculate y(-2).
134
Let t(u) be the first derivative of 1/6*u**3 - 14*u + 1/2*u**2 + 8. Let r(p) be the first derivative of t(p). Calculate r(2).
3
Suppose a = -3*h + 12, 0*h + 2*h = -2*a + 4. Suppose -h*i + 4*i = -5*j + 8521, -8529 = -5*j - i. Let x(d) = -1704*d**2 + j*d**2 + 8*d + 5 + 4. What is x(-5)?
-6
Suppose -20 = 2*w + 4*t, w = -4*t - t - 25. Suppose -2*g + 6*g + 4 = w. Let j(b) = -29540*b**3 + 29537*b**3 + b**2 - b - 2*b**2 - 1. Give j(g).
2
Let q(t) = -9*t + 65. Let i be q(7). Let v(h) = -5 - 2*h + 4*h**2 + 14 - 12 - 9*h**i. Determine v(-2).
-19
Let f(h) = 71 - 26*h - 79*h**2 + 21*h**2 + 59*h**2. What is f(22)?
-17
Let d(h) = -h**3 - 15*h**2 - 47*h - 42. Let p be d(-4). Let x(j) = 2*j**3 + 61*j**2 + 31*j + 29. What is x(p)?
-1
Suppose 264*x + 3310 = -8306. Let z(l) = 9*l + 383. Calculate z(x).
-13
Let t(s) = s**2 + 100*s + 811. Let f be t(-9). Let b(l) = -l**2 - 17*l - 65. Calculate b(f).
7
Let w(i) = -8*i - 61. Let q be (-161)/46*(0 - -2). Give w(q).
-5
Suppose 775 - 735 = 5*f. Let h(v) = -2*v + 34. Give h(f).
18
Let f = -3 - -1. Let s = 0 + f. Let v(o) = 1 + 26980*o + 26589*o - 53571*o. What is v(s)?
5
Let x(j) = -j**3 + 13*j**2 + 2*j - 14. Suppose -314 = 70*k - 1224. Determine x(k).
12
Let y be (-4)/(-26) - 6016/(-104). Suppose -5*a = 4*c - y, a - 38 = 5*c - 9. Let w(k) = a*k - 22*k + 9*k. Determine w(5).
5
Let w(z) = -z**3 + 8*z**2 - 2*z - 4. Let h(j) = j + 32*j**2 - 6*j - 16*j**2 - 2*j**3 - 6. Let v(c) = -6*h(c) + 11*w(c). What is v(7)?
-1
Suppose 0*u - 12 = -3*u + 3*f, -3*u = -4*f - 14. Let d(m) = 6 + m**2 - 10 + u*m + 4*m**3 + 3 - m. Give d(1).
5
Let i(b) = -b**3 - 4*b**2 - 8*b - 3. Suppose 265 = -841*p + 788*p. What is i(p)?
62
Let b(d) be the first derivative of 3*d - 1/3*d**3 - 1/2*d**2 - 92. Give b(-2).
1
Suppose -452 = -8*h + 556. Suppose -34*b + h = -13*b. Let m(x) = -x**2 + 5*x + 3. Give m(b).
-3
Suppose -7*f + 252 = -91. Let u be f/(-5) + 3/(-15). Let a(i) = -i**2 - 12*i - 15. Let m be a(u). Let l(z) = 4*z - 7. What is l(m)?
13
Let m(z) = 4*z**2 - 12*z - 5. Let d(j) = 17*j**2 - 51*j - 21. Let n(i) = -6*d(i) + 26*m(i). What is n(5)?
16
Suppose 0 = -3*z - 4*i + 61, -z - 3*i + 1603 = 1576. Let r(y) = 2*y - 67. Calculate r(z).
-37
Let n(g) = -3*g**2 + 20*g. Let r(q) = 2*q**2 - 15*q. Let a(l) = 14*n(l) + 18*r(l). Give a(2).
-4
Let j(p) be the first derivative of p**3/3 - 15*p**2/2 - 106*p - 7442. What is j(-5)?
-6
Suppose 3*j = -3*c - 9, 4*c - 2*j - 1 = -13. Let z(q) = 5*q**2 + 7*q + 15. Give z(c).
39
Let p be (3/9)/((-1)/(-6)). Let z(u) = -4*u**3 + 0 - p + 3. Suppose 0 = 40*i - 68 + 108. Calculate z(i).
5
Let h(i) = -15*i**2 + 2*i + 7. Let t(n) = 4*n**2 - n - 2. Let v(r) = 2*h(r) + 9*t(r). Calculate v(-2).
30
Let d(f) = -377*f**2 - 378*f**2 + 1157*f**2 - 390*f**2. Calculate d(1).
12
Let b(k) = 10*k**2. Let c(x) = 56*x + 9. Let n be c(3). Suppose -3*w - 5*v = -186, 4*w + 2*v = w + n. Let i be (-6)/(-4)*(-38)/w. What is b(i)?
10
Let r(s) = -2*s**2 - 2*s - 1. Let n(l) = l**3 + 17*l**2 + 19*l + 28. Let o be n(-16). Let g be ((-3)/6)/(5/o*-2). Give r(g).
-1
Let y(r) = r**3 - 10*r**2 + 16*r - 6. Let w(d) = -6*d**2 - 65*d - 44. Let i be w(-10). What is y(i)?
-54
Let p be (-2)/(-2 - (-552)/273). Let l = -98 - p. Let y be (-3)/(5 + -8)*l. Let w(g) = g**3 + 8*g**2 + 8*g + 1. What is w(y)?
-6
Let s(m) = 150*m - 149*m + 626 - 598. Determine s(-26).
2
Let z(b) be the third derivative of -b**4/4 + 19*b**3/3 + 3092*b**2. Determine z(9).
-16
Let s be (6 - (-7)/(-21))*9. Let d = s - 59. Let w(r) = 5*r + 8. Calculate w(d).
-32
Let c = 33/254 + 174/127. Let i(l) be the second derivative of -2/3*l**3 + 0 - 1/3*l**4 + l + c*l**2 + 1/20*l**5. Determine i(5).
8
Let s(x) = 2*x**2 - 6*x + 74. Let m(b) = 3*b**2 - 8*b + 75. Let t(q) = 3*m(q) - 4*s(q). Determine t(8).
-7
Let j be (12 + -18)*(-2 - (44/(-6) + 4)). Let m(p) = -11*p - 5. Determine m(j).
83
Let f = 375 + -371. Let t(m) = -3*m**2 + 5*m + 2. Let q(b) = 2*b**2 - 4*b - 1. Let x(j) = 5*q(j) + 4*t(j). What is x(f)?
-29
Let a(x) = -6*x**2 - 2*x - 1. Let u(q) = -17*q**2 - q + 1. Let z be u(1). Let b(w) = -w**3 - 16*w**2 + 17*w + 7. Let d be b(z). Let p = d - 8. Determine a(p).
-5
Let w(r) = -19284*r + 8 + 19304*r + 0 + 1. Give w(-7).
-131
Let t(g) = 11*g**2 + 40*g + 37. Let d(b) = 7*b**2 + 26*b + 23. Let j(k) = 8*d(k) - 5*t(k). Let z be (12/(-8))/(9/48). What is j(z)?
-1
Let l(n) = 11*n**3 + 2*n - 1. Let j be l(1). Let h be ((-34)/9 + j/(-54))*-2. Let s(u) = -11*u - 6 + u**2 + 1 + 2*u. Calculate s(h).
-13
Let n(s) be the first derivative of s**3/3 + 17*s**2/2 + 23*s + 2. Suppose -1205 = 28*q - 757. What is n(q)?
7
Let r be -1 + 1 + 1 - 1. Suppose -w - 2*w - 15 = r. Let m = w - -2. Let n(a) = 3*a + 4. What is n(m)?
-5
Suppose -5 = -3*f + 10, b + 47 = -5*f. Let j = -87 - b. Let k = j + 8. Let z(m) = m**3 + 7*m**2 - m - 5. Give z(k).
2
Let a(h) = -41*h + 7 + 46*h - 3 + 0*h**2 + 2*h**2. Calculate a(7).
137
Let b be (-2 + -22)*(-15)/(-20). Let u(r) = -r**2 - 21*r + 45. Give u(b).
99
Let j(z) = z**3 - 3*z**2 - z. Suppose 13*l + 70 = 8*l. Let n be 2/(2 + l/8). Suppose n = 2*b + 2*s, b + 5 = s + 7. Determine j(b).
-3
Let d(j) = 6*j**3 + 64*j**2 + 4*j - 5. Let x(k) = 16*k**2 - k + 1. Let w(z) = -d(z) + 4*x(z). Calculate w(1).
-5
Let c(p) = -5*p + 3. Suppose -b = -0*b - 5. Suppose 4*k = -n - b, -3*n + 6*n - 5*k = 19. Calculate c(n).
-12
Let j(o) = 11*o - 89*o + 70*o + 75. What is j(7)?
19
Let r = 189 + -175. Let q be r/(-6)*2*(-12)/(-8). Let u(k) = k**3 + 6*k**2 - 7*k + 5. What is u(q)?
5
Let t(i) = -i**2 - 4. Let n(m) = -m**3 - 4*m**2 - 5*m + 10. Let j(a) = -n(a) - 3*t(a). Calculate j(-6).
8
Suppose 0 = 2*w, 900 = m + 4*m + 5*w. Let k = m - 179. Let z(o) = 4 + 6*o**2 - 3 - 2*o - 11*o**2. What is z(k)?
-6
Let h = 32 - 30. Suppose 0 = -k - h + 9. Let v = k + -7. Let g(o) = -o**2 + o - 2. Give g(v).
-2
Let z(r) = -3 + 3*r**2 + 8 - 9*r**3 + 2*r - 2 + 10*r**3. Calculate z(-3).
-3
Let w(r) = -7*r + 187. Let y be ((-3)/(-6))/((-4)/1248*-6). Let m be w(y). Let u(g) = -g**3 + 4*g**2 + 4*g - 7. Give u(m).
-12
Let i = 10190 - 10181. Let v(w) = w**2 - w - 15. Calculate v(i).
57
Suppose -t - a - a + 6 = 0, 0 = -4*a + 8. Let w(c) = 4*c + 7. Let z(g) = -21*g - 34. Let u(n) = t*z(n) + 11*w(n). Suppose -14*h - 85 - 13 = 0. What is u(h)?
-5
Let n be 30/(-135) - 52/9. Let f be (10/n + 1)*12/8. Let m(w) = -2*w**3 - 9*w**2 - 9. Let r(p) = p**3 + p**2 - p + 1. Let h(z) = f*m(z) - r(z). Calculate h(-8).
0
Let a(i) be the first derivative of -5*i**4/2 + i**3 + i**2/2 - i + 919. What is a(-1)?
11
Let j be 4/52 - 27/13. Let k be (j/(-6) + (-175)/75)/1. Let w(y) = -3*y**2 - 3*y - 2. Give w(k).
-8
Suppose 0 = 4*v - 3*l - 4, -2*l - l + 32 = 5*v. Let z(h) be the second derivative of 4*h - 1/20*h**5 + h**2 - 1/6*h**3 + 1/4*h**4 + 3. What is z(v)?
-18
Let k = 982 + -980. Let a(g) = -693*g**3 + 349*g**3 - g**k + 3 + 348*g**3 + 0*g**2 - 2. Give a(-1).
-4
Let y(o) = -4*o**2 + 15*o. Suppose 0 = 153*m + 33*m - 744. Determine y(m).
-4
Let j(p) = -p + 11. Let a be 10/2 + (-180)/(-20). Suppose -a - 64 = -5*q + u, -3*u = 4*q - 70. Calculate j(q).
-5
Let a(m) = 3*m**2 + 6*m. Suppose -458 = -13*i - 510. Calculate a(i).
24
Let z(l) = 142*l**2 - 16*l - 7. Let u(f) = 402*f**2 - 47*f - 22. Let s(d) = 6*u(d) - 17*z(d). Give s(-8).
-61
Let f be (-12)/21*(-56)/16. Suppose -9 = -f*o - v, 3*v + v = -20. Let w(z) = -2*z - o*z - 1 + 7*z + 7. Determine w(5).
-4
Let m(p) = 2*p**3 + 14*p**2 + 3*p + 148. Let h be m(-8). Let r(x) be the second derivative of x**3/6 + 7*x**2/2 + 2*x. Give r(h).
3
Let p(x) = -12*x + 3. Let r be (570/(-45) - -17) + 4*3/18. Determine p(r).
-57
Suppose -158*r = 666 + 282. Let i(f) = f + 20. Give i(r).
14
Suppose -4*t + 8 = -4. Suppose 10 = 2*h - 0*i + 3*i, t*i = 2*h + 2. Let m(k) = 58*k + 108*k + 3 - 7 - 165*k. Calculate m(h).
-2
Suppose 74*n - 77*n + 192*n - 756 = 0. Let r(b) = -3*b**2 + 7*b + 5. Calculate r(n).
-15
Suppose -4 + 9 = 5*n. Let z(m) = 3 - 5 - n - 6 - m. Suppose 0 = f - 7 + 15. Determine z(f).
-1
Let i(y) = 107*y + 38 + y**2 - 34*y - 36*y. Let d be i(-36). Let